by 183.
180
What is the remainder when 28 is divided by 22?
6
What is the remainder when 97 is divided by 40?
17
What is the remainder when 4126 is divided by 88?
78
Calculate the remainder when 1572 is divided by 88.
76
What is the remainder when 3529 is divided by 35?
29
Calculate the remainder when 1426 is divided by 35.
26
Calculate the remainder when 512 is divided by 28.
8
Calculate the remainder when 732 is divided by 35.
32
Calculate the remainder when 3129 is divided by 58.
55
Calculate the remainder when 52 is divided by 3.
1
Calculate the remainder when 610 is divided by 212.
186
What is the remainder when 29 is divided by 9?
2
What is the remainder when 285 is divided by 85?
30
Calculate the remainder when 682 is divided by 198.
88
What is the remainder when 339 is divided by 18?
15
What is the remainder when 9 is divided by 3?
0
What is the remainder when 768 is divided by 36?
12
Calculate the remainder when 326 is divided by 82.
80
What is the remainder when 3566 is divided by 14?
10
What is the remainder when 129 is divided by 29?
13
Calculate the remainder when 141 is divided by 9.
6
What is the remainder when 110 is divided by 30?
20
Calculate the remainder when 61 is divided by 58.
3
Calculate the remainder when 1662 is divided by 128.
126
Calculate the remainder when 392 is divided by 128.
8
Calculate the remainder when 263 is divided by 11.
10
What is the remainder when 1710 is divided by 824?
62
Calculate the remainder when 2132 is divided by 243.
188
What is the remainder when 93 is divided by 8?
5
Calculate the remainder when 133 is divided by 58.
17
Calculate the remainder when 12 is divided by 7.
5
Calculate the remainder when 79 is divided by 16.
15
What is the remainder when 688 is divided by 68?
8
What is the remainder when 934 is divided by 932?
2
Calculate the remainder when 148 is divided by 148.
0
Calculate the remainder when 543 is divided by 61.
55
Calculate the remainder when 32 is divided by 9.
5
What is the remainder when 304 is divided by 14?
10
Calculate the remainder when 1178 is divided by 235.
3
What is the remainder when 17390 is divided by 187?
186
What is the remainder when 881 is divided by 288?
17
What is the remainder when 1169 is divided by 18?
17
Calculate the remainder when 39 is divided by 3.
0
What is the remainder when 1104 is divided by 162?
132
Calculate the remainder when 48 is divided by 7.
6
What is the remainder when 1113 is divided by 36?
33
What is the remainder when 32 is divided by 16?
0
Calculate the remainder when 64 is divided by 45.
19
What is the remainder when 1735 is divided by 56?
55
What is the remainder when 2390 is divided by 26?
24
Calculate the remainder when 113 is divided by 64.
49
Calculate the remainder when 162 is divided by 32.
2
What is the remainder when 1680 is divided by 157?
110
Calculate the remainder when 113 is divided by 77.
36
Calculate the remainder when 149 is divided by 25.
24
What is the remainder when 837 is divided by 281?
275
Calculate the remainder when 2849 is divided by 23.
20
Calculate the remainder when 80 is divided by 21.
17
What is the remainder when 339 is divided by 107?
18
What is the remainder when 947 is divided by 312?
11
What is the remainder when 2549 is divided by 88?
85
What is the remainder when 1758 is divided by 13?
3
Calculate the remainder when 424 is divided by 211.
2
Calculate the remainder when 2495 is divided by 78.
77
Calculate the remainder when 24 is divided by 8.
0
What is the remainder when 250 is divided by 23?
20
Calculate the remainder when 732 is divided by 241.
9
What is the remainder when 1071 is divided by 138?
105
Calculate the remainder when 978 is divided by 50.
28
Calculate the remainder when 4984 is divided by 25.
9
Calculate the remainder when 660 is divided by 23.
16
What is the remainder when 359 is divided by 19?
17
What is the remainder when 419 is divided by 140?
139
Calculate the remainder when 1419 is divided by 471.
6
What is the remainder when 48 is divided by 16?
0
Calculate the remainder when 43 is divided by 42.
1
What is the remainder when 159 is divided by 148?
11
Calculate the remainder when 629 is divided by 70.
69
What is the remainder when 520 is divided by 26?
0
Calculate the remainder when 1008 is divided by 77.
7
What is the remainder when 2394 is divided by 17?
14
What is the remainder when 159 is divided by 133?
26
Calculate the remainder when 73 is divided by 13.
8
What is the remainder when 128 is divided by 32?
0
Calculate the remainder when 1693 is divided by 1669.
24
What is the remainder when 2392 is divided by 21?
19
What is the remainder when 163 is divided by 3?
1
What is the remainder when 5955 is divided by 43?
21
What is the remainder when 1109 is divided by 13?
4
What is the remainder when 17 is divided by 13?
4
Calculate the remainder when 107 is divided by 19.
12
Calculate the remainder when 579 is divided by 83.
81
Calculate the remainder when 1238 is divided by 124.
122
What is the remainder when 4862 is divided by 168?
158
What is the remainder when 1963 is divided by 108?
19
What is the remainder when 276 is divided by 90?
6
What is the remainder when 79 is divided by 21?
16
Calculate the remainder when 58 is divided by 15.
13
What is the remainder when 118 is divided by 41?
36
What is the remainder when 654 is divided by 165?
159
Calculate the remainder when 10 is divided by 4.
2
Calculate the remainder when 15 is divided by 7.
1
Calculate the remainder when 623 is divided by 13.
12
What is the remainder when 128 is divided by 33?
29
Calculate the remainder when 7005 is divided by 62.
61
What is the remainder when 212 is divided by 36?
32
What is the remainder when 390 is divided by 69?
45
Calculate the remainder when 1116 is divided by 392.
332
What is the remainder when 35 is divided by 18?
17
What is the remainder when 191 is divided by 90?
11
Calculate the remainder when 249 is divided by 18.
15
Calculate the remainder when 3872 is divided by 125.
122
Calculate the remainder when 169 is divided by 25.
19
Calculate the remainder when 27 is divided by 18.
9
Calculate the remainder when 25 is divided by 7.
4
What is the remainder when 127 is divided by 67?
60
Calculate the remainder when 5329 is divided by 761.
2
What is the remainder when 156 is divided by 34?
20
What is the remainder when 206 is divided by 52?
50
What is the remainder when 150 is divided by 39?
33
What is the remainder when 15937 is divided by 231?
229
Calculate the remainder when 1940 is divided by 370.
90
What is the remainder when 1021 is divided by 18?
13
Calculate the remainder when 36 is divided by 32.
4
Calculate the remainder when 411 is divided by 98.
19
Calculate the remainder when 484 is divided by 67.
15
Calculate the remainder when 84 is divided by 6.
0
What is the remainder when 255 is divided by 99?
57
Calculate the remainder when 182 is divided by 5.
2
Calculate the remainder when 284 is divided by 17.
12
Calculate the remainder when 2695 is divided by 92.
27
Calculate the remainder when 1322 is divided by 33.
2
Calculate the remainder when 10471 is divided by 154.
153
Calculate the remainder when 16280 is divided by 138.
134
Calculate the remainder when 2260 is divided by 26.
24
Calculate the remainder when 153 is divided by 13.
10
What is the remainder when 441 is divided by 164?
113
Calculate the remainder when 551 is divided by 119.
75
What is the remainder when 4521 is divided by 87?
84
Calculate the remainder when 36451 is divided by 26.
25
What is the remainder when 1430 is divided by 1?
0
Calculate the remainder when 458 is divided by 15.
8
What is the remainder when 62 is divided by 7?
6
What is the remainder when 116 is divided by 38?
2
What is the remainder when 796 is divided by 42?
40
What is the remainder when 194 is divided by 36?
14
What is the remainder when 3325 is divided by 13?
10
Calculate the remainder when 63 is divided by 4.
3
Calculate the remainder when 121 is divided by 63.
58
What is the remainder when 248 is divided by 75?
23
Calculate the remainder when 2990 is divided by 230.
0
What is the remainder when 235 is divided by 10?
5
What is the remainder when 215 is divided by 56?
47
Calculate the remainder when 326 is divided by 95.
41
What i